6*i + 32, -4*i + 8 = 0. Let y(p) = 7*p - 17. Determine y(u).
11
Let l = -14 - -11. Let t be l + (2 - 6*-1). Suppose 4*h + 2*f - 30 = 0, t*f - 2*f + 55 = 4*h. Let b(q) = q**2 - 10*q - 1. Determine b(h).
-1
Suppose 0 = 3*t + 3 + 3. Let q(f) = -2*f**2 - 4*f + 4. Let n be q(t). Let o(y) = 10 + 2*y + n*y - 9*y. What is o(7)?
-11
Let h(c) = -5*c + 492. Let t(y) = 5*y - 340. Let i(a) = -4*h(a) - 5*t(a). Give i(-53).
-3
Suppose 2*z + 3*w + 3 = 18, -2*z = -5*w + 25. Let g(x) = 14. Let o(q) = q - 84. Let y(n) = 6*g(n) + o(n). What is y(z)?
0
Let x(a) = -a**2 + 789*a**3 + 7 + 716*a**3 - 1506*a**3 + 11*a. Determine x(-3).
-8
Let u(b) = b**3 + 6*b**2 - 13 - 28*b + 35 + 38*b. Let q be u(-5). Let v(m) = m**2 + 7*m - 1. Determine v(q).
-13
Suppose -57 = -g - 0*g - p, 129 = 2*g + 5*p. Let q = 58 - g. Suppose -3*i + 3 = -0, q = -3*d - 3*i. Let f(y) = y**2 + 4*y - 2. What is f(d)?
-5
Suppose 43*n = 62*n + 152*n - 2052. Let j(y) be the second derivative of -y**3/6 + 7*y**2/2 - y. Calculate j(n).
-5
Let a = -2712 - -2705. Let w(f) = f**2 - 2 + 8*f - 8 + 2. Give w(a).
-15
Let b(o) be the second derivative of -o**3/6 - 3*o**2 - 4*o + 66. Let p = -13 - -7. Let a be b(p). Let u(y) = y**2 - y + 1. What is u(a)?
1
Let m = 15 + -6. Suppose 3 = -3*a + m. Let p(j) = -3*j + 2. Let h(y) = -2*y + 2. Let t(d) = -4*h(d) + 3*p(d). What is t(a)?
-4
Let z(s) = -5536*s + 11022*s - 62 - 5494*s. What is z(-12)?
34
Let w(v) be the second derivative of -v**3/6 + 7*v**2/2 + 2375*v. Suppose 7*p - 2*p + 35 = 0. Determine w(p).
14
Let b(n) be the second derivative of n**5/10 + n**3/2 - 2*n**2 + 84*n - 4. Give b(2).
18
Let z(n) = -19*n**2 + n. Suppose -5*w - 5 = a, 3*a + 2*a = w + 105. Suppose 0 = -a*i + 25*i + 5. Calculate z(i).
-20
Let s(o) be the first derivative of o**3/3 + 11*o**2 - 5*o + 11. Let u(g) = -g**2 - 19*g + 5. Let k(v) = -6*s(v) - 7*u(v). Calculate k(-6).
25
Let p(h) = h - 1 - 9*h + 2 + 1 - 6*h. Determine p(2).
-26
Let u(a) = 3*a + 1553 + 2*a**2 + 1549 - 3106. Let c(q) = -q**3 + 8*q**2 - 14*q + 9. Let y be c(6). Give u(y).
5
Let a(v) = 8*v**3 + 12*v**2 + 31*v + 21. Let t(w) = -9*w**3 - 12*w**2 - 33*w - 23. Let c(r) = -11*a(r) - 10*t(r). Calculate c(6).
-67
Let v(l) be the third derivative of l**6/30 + 7*l**5/30 + l**4/6 - l**3/2 + 2489*l**2. Calculate v(-3).
3
Let f(i) = -i**3 - 6*i**2 - 3*i + 2. Let d be ((-452)/6)/(7/((-126)/(-12))). Let b = 108 + d. Calculate f(b).
-8
Let g(a) = a**3 + 2*a**2 + 9*a - 1. Let f(b) = -3*b**2 + 308*b + 416. Let w be f(104). Determine g(w).
-1
Let p(t) = -14*t + 37. Let m(l) = -15*l + 573. Let d be m(38). Calculate p(d).
-5
Let h(u) be the second derivative of -u**4/12 + 2*u**3 + 2*u**2 - 2*u + 161. Determine h(11).
15
Let g(q) = -q**3 + 2*q**2 + 3*q - 10. Let l be g(3). Let r(i) = 9*i - 33. Let w(m) = 5*m - 18. Let u(a) = 6*r(a) - 11*w(a). Determine u(l).
10
Suppose 4*c = 33 - 1. Let v(k) be the second derivative of 24*k + 0 + 1/12*k**4 - 2*k**2 - k**3. Give v(c).
12
Let g(v) = -v**2 + 4*v + 1. Suppose 17*u - 10 = 19*u. Let r be (-12)/(-9)*(-8 - u). What is g(r)?
-31
Let y(f) = -8*f**2 + 3*f + 3. Suppose 42 = 6*z, 14*z - 33 = 4*k + 11*z. Calculate y(k).
-78
Let s be -1 + 12/(-8)*16/(-12). Let h(g) = -g**3 - 7*g + 7. Let z be h(s). Let c(x) = -5*x**3 + x**2 - 1. Determine c(z).
5
Let c(z) = 458*z**3 + 12*z**2 - 12*z + 47. Let u(j) = -733*j**3 - 18*j**2 + 18*j - 70. Let q(n) = 8*c(n) + 5*u(n). What is q(7)?
-65
Let s(w) = 6*w**2 - 100*w + 57. Let c be s(16). Let l(f) = -20*f - 119. Determine l(c).
21
Let x be (-14 + 1015/70)/(1/70). Let d(h) = h**2 - 33*h - 71. Give d(x).
-1
Let b(l) be the third derivative of 0 - 3*l**2 + 9*l + 1/12*l**4 - 4/3*l**3. Determine b(7).
6
Suppose 0 = -j + 3*j - 14. Suppose 3*r - j = -4*y, r - 2*y - 29 = -4*r. Suppose -r*w = d + 2, 4*d = -w - 2 - 6. Let h(b) = -b**2 + b + 3. What is h(w)?
3
Let p(q) = -14*q - 27. Let z(m) = -7*m - 12. Let w be (-4)/(-14) + (-2310)/(-490). Let s(y) = w*z(y) - 2*p(y). Determine s(-4).
22
Let b(o) = -27*o**3 - o**2 + o + 1. Let p(c) = 16 - 2889*c + 6 + 2895*c + c**2. Let w be p(-11). Let g = 76 - w. What is b(g)?
26
Let w(n) = 2 - 4*n**2 - 2*n - n**3 + 10*n**2 - 2*n. Let p be (30/(-8) + 0)*8/(-3). Suppose -y + p = y. Determine w(y).
7
Let l(q) = -4*q - q**2 - 4*q**2 + 5*q**2 + 2*q**2 - q**2 - 17. Give l(8).
15
Let c(a) = -302*a - 296*a - 197*a - 5*a**2 + 800*a - a**3 - 12. Let p be 56/(-10) + (-2)/5. Give c(p).
-6
Let u(j) = -j**3 + 4*j**2 + j - 3. Suppose -t + 4*v + 16 = 3*t, 0 = 2*v + 2. Let d be u(t). Let c(z) = -3*z + 10. What is c(d)?
-17
Let o(l) be the second derivative of -2*l**4/3 - 5*l**3/6 + l**2 + 1454*l. Determine o(1).
-11
Let l be (-3 + 1)/(2/4). Let h(o) = 56*o - 13*o - 13*o - 18*o - 18*o - 4. Determine h(l).
20
Let l(b) = -13*b**2 - 21*b + 4. Let y(c) = -11*c**2 - 19*c + 3. Let r(s) = -7*l(s) + 8*y(s). Calculate r(-2).
18
Suppose 2 = -7*h + 23. Let d(t) = -t + 6 + 3*t - 4155*t**h + 4154*t**3 - 6*t**2. Give d(-6).
-6
Let z(v) = 3*v + 3. Suppose 46 = -59*j - 113 - 18. What is z(j)?
-6
Let y(q) be the first derivative of q**4/12 + 3*q**3/2 + 81*q**2/2 - 80. Let f(k) be the second derivative of y(k). Give f(-7).
-5
Let x(h) = h + 7. Let s(i) = 14*i**2 + 11*i - 20. Let n(w) = -3*w**2 - w + 1. Let a(c) = 5*n(c) + s(c). Let f be a(3). What is x(f)?
1
Let o(w) = -w**3 + 17*w**2 - 55*w + 3. Let l be o(13). Let p be (12/l)/(1/(-3) - 0). Let j(d) = -9*d**2. Calculate j(p).
-9
Let r(o) = o**2 + 8*o + 24. Let q = 5547 + -5552. Calculate r(q).
9
Let r(h) = 39*h + 79. Let n(x) = -13*x - 26. Let l(y) = -19*n(y) - 6*r(y). What is l(-2)?
-6
Suppose 2*s - 102 = -5*r - 22, -2*r + 128 = 4*s. Let m = s - 28. Let j(n) = -1 - n + n**3 - 3*n**2 + 2*n + n - m. Calculate j(2).
-3
Let v(g) = 15*g**2 + 40*g + 1. Let h(p) = -7*p**2 - 20*p - 2. Let y(m) = -13*h(m) - 6*v(m). Calculate y(-19).
1
Let h = 1 - -1. Let g(m) = m**3 - 2 + m - h*m + 9*m - 9*m**2. Let d be (-2)/18 + 1001/99 + -2. Give g(d).
-2
Let q(t) = -t**3 + 14*t**2 + 13*t + 28. Suppose -23 = -5*d - g + 55, d - 2*g - 9 = 0. Calculate q(d).
-2
Let d(h) = 34*h + 40*h - 127*h + 7*h**2 + 31*h + 33 - 10. Give d(1).
8
Let i(a) be the second derivative of a**5/20 - a**4/3 + a**3/6 + a**2/2 + 11*a - 5. Suppose 0*u - 8 = 4*u. Let z be 1 - u - (0 + 0). Give i(z).
-5
Suppose 0 = -4*p - p + 10. Suppose 2*i = -0*r + 5*r - 23, 8 = -p*i. Suppose 0*v - 2*v + 19 = -r*t, 27 = v - 5*t. Let z(j) = j**3 - 5*j**2 + 2*j + 2. Give z(v).
-6
Let s(n) = -2*n**3 - 4*n**2 + 1. Suppose 5*t + 3 + 3 = 4*h, t - h + 1 = 0. Let m be s(t). Let l(k) = -m + 0 + 2 - 3 - k. Determine l(-2).
0
Let i(r) = r**2 + 5 - 8*r - 19 - 6*r**2 + 6*r**2 + 14*r. Determine i(-7).
-7
Suppose -5*h + 1 = -3*s, 3*h - 2*s - 2 = -1. Let m(q) be the second derivative of -3*q**5/10 + q**4/6 + q**3/6 - 598*q. What is m(h)?
7
Let p(d) = -3*d**3 + 4*d**2 + 13*d - 30. Suppose 95*f + 122*f = 514 - 80. Determine p(f).
-12
Let p(l) be the first derivative of -7*l**2 - 6*l + 528. Determine p(3).
-48
Suppose -2*g - 4*r - 726 = -688, -r = -5*g - 73. Let w(o) = o**3 + 16*o**2 + 13*o - 30. Determine w(g).
0
Let v(a) be the first derivative of a**3/3 + 8*a**2 - 9*a - 5400. What is v(-7)?
-72
Let v(y) = y**3 + 29*y**2 - y - 21. Let a be v(-29). Let u(s) = 0 - a*s + 0 - 3 - 2. Calculate u(-2).
11
Let y(g) = -g + 3. Let f(x) = 3*x**3 - 14*x**2 - 4*x + 3. Let k be f(5). Let w be 4/1 - (k + -7). Give y(w).
0
Suppose 2*d = 22*d - 7380. Let f(a) = d*a - a**2 - 186*a - 196*a. Calculate f(-10).
30
Let c = -129 - -137. Let u be (0 + 5)*c/(-10). Let n(a) = -5*a - 5. Give n(u).
15
Let v(r) = -r**3 + 5*r**2 - 5. Let b be (3 + (1 + -6 - -3))*19. Suppose 16*h + 21 = b*h. Suppose 5*p = -u + 19, u - h - 6 = -3*p. What is v(u)?
11
Let m = 25 - 10. Suppose -6*k + 4*k - m = d, 0 = 2*d + 6. Let i(o) be the third derivative of -o**6/120 - 7*o**5/60 - o**4/12 + 4*o**3/3 + 2461*o**2. Give i(k).
-16
Let d(w) = -w**2 + 9*w + 20. Suppose 3748*u - 3757*u + 72 = 0. Determine d(u).
28
Let j be 72/(-1 - 8) - -121. Let q(z) = 51 - j + 60 + z. Suppose 3*l + l = 28. Calculate q(l).
5
Let g(b) = -b**3 - 6*b**2 + 8*b + 8. Let w = 535 - 542. Calculate g(w).
1
Suppose 0 = k + 4*k + 3875. Let c be k/(-50) - 2/8*-2. Let m(u) = u**3 - 16*u**2 + 4. Give m(c).
4
Let z be (((-36)/(-16))/3)/(2/(-16)). Let p(f) = -f**2 - 21*f - 88. Let s be p(z). Let y(